+ -178. Let x(c) = c**2 - c. Let w(r) = n*t(r) - x(r). Give w(-9).
5
Let a(o) = o**2 + o + 2. Suppose 51*s - 23*s = -22*s - 50. Calculate a(s).
2
Let a be ((-1)/(-3))/((-3)/(-36)). Let b(f) = f**3 + 7*f - 21*f - 1 - 4 + 13*f - 5*f**2 + 2*f**2. Calculate b(a).
7
Suppose -g + 15 = -3*w - w, 3*w = -4*g + 3. Suppose 0 = -g*q + 41 - 8. Let l(v) = -v**3 + 11*v**2 + 1. Let y be l(q). Let t(z) = 10*z**3 + z**2. Give t(y).
11
Let s(g) = 268*g - 81. Let f(r) = -152*r + 41. Let y(p) = 7*f(p) + 4*s(p). What is y(6)?
11
Suppose -212*i = -2498 + 166. Let f(w) = 2*w**3 - 21*w**2 - 6*w - 21. Calculate f(i).
34
Let y(f) = f**3 - 7*f**2 + 13*f + 4. Suppose -15*k - 687 - 2223 = 0. Let w = 198 + k. Determine y(w).
8
Let x(y) be the first derivative of y**4/24 + y**3/6 + 46*y**2 - 2*y - 14. Let u(z) be the second derivative of x(z). Give u(7).
8
Let i(d) = 80*d - 45. Let p(b) = 3*b - 2. Let r(v) = 2*i(v) - 50*p(v). Calculate r(-6).
-50
Let n(t) = 5*t + 10. Let u be n(-2). Let k(i) = u - 1765*i + 1763*i - 2. Give k(-6).
10
Suppose -y - 2*q + 4*q - 4 = 0, 4*y + 2*q = 14. Let z(u) = -8*u**2 + 15*u**y - u**2 - 3*u - 9*u**2. Calculate z(-3).
-18
Let u(q) = 25*q**3 - 7*q**2 + 12*q - 167. Let m(j) = -2*j**3 - j + 14. Let g(l) = -12*m(l) - u(l). What is g(0)?
-1
Let v(u) = -u**3 + 6*u**2 - 6*u - 2. Let y(q) = q**3 - 3*q**2 + 2*q. Let p be y(2). Suppose p = 3*o + 6*o + 54. Let r be (0 + (-25)/30)*o. Determine v(r).
-7
Let p(l) be the second derivative of l**5/20 - 7*l**4/12 + 4*l**3/3 - 6*l**2 - 2700*l. What is p(5)?
-22
Let p = 16 - -20. Suppose 0 = 5*r - 6 + p. Let l(s) be the third derivative of s**5/60 + 5*s**4/24 + s**3/6 - 9*s**2. Calculate l(r).
7
Let l be (-4 - 280/(-15))*-3. Let s = l - -51. Let r(w) be the third derivative of -w**6/120 + w**5/10 + w**4/4 + 2*w**3/3 + 2*w**2 + 10*w. Calculate r(s).
-3
Let o be 2*(-5 - -6 - -1). Suppose -2*m - 13 = -4*g - 35, -12 = -o*m. Let f(v) = v - 3 - 1 - 6*v. Calculate f(g).
16
Let t(k) = -3*k + 2*k**3 + 2 - 2*k + 8*k + 5*k**2. Suppose 3*z - 102 = -b, 9 = -2*z - 4*b + 77. Suppose -5*f + p - 20 = 0, -4*p + z = -3*f + p. What is t(f)?
-16
Let h(o) be the second derivative of -o**5/20 - o**4/2 - o**3/2 - 15*o**2/2 + 2017*o. Give h(-6).
3
Let f = -352 - -356. Suppose -12 - 16 = -f*t. Let z(v) = v**3 - 6*v**2 - 9*v + 10. Give z(t).
-4
Let v(b) = 4*b + 9. Let z be v(-5). Let y(u) = -114*u - 13. Let s(c) = 626*c + 64. Let f(n) = 2*s(n) + 11*y(n). Give f(z).
7
Let z(x) = 119*x - 10115. Let b be z(85). Let n(s) = -7*s**2 + 5*s - 5. Let c(v) = -11*v**2 + 8*v - 7. Let l(m) = 5*c(m) - 8*n(m). Calculate l(b).
5
Suppose 0 = 2*k - 3*k + 3. Let m(t) = k*t**2 + 2*t**3 - 4 - 2*t**3 + 3*t + 2*t**2 + t**3. Let l = 770 - 773. Calculate m(l).
5
Let u be (10/12 - 1) + 1432/(-48). Let z be 4/(-30) - 124/u. Suppose 18 = z*a - 14. Let d(g) = -g + 6. Determine d(a).
-2
Let t(i) = 24*i**2 + 20*i**2 - 20*i + 23*i**2 - 36 + 25*i**2 - 93*i**2. Determine t(-16).
28
Suppose -16 = f + 4*s, -s + 2*s - 3 = -2*f. Let k(x) = 4*x - 2 + 4 + 4*x - 1 - f + x**2. What is k(-8)?
-3
Let c(n) = n - 7. Let m(v) = -v + 14. Let w(r) = 11*c(r) + 6*m(r). Let h(y) = 12*y + 13. Let o(s) = -3*h(s) + 7*w(s). What is o(9)?
1
Let w(n) = -2*n + 15. Let c(q) be the second derivative of -5*q**3/3 + 99*q**2/2 - 8*q - 5. Let b be c(9). Give w(b).
-3
Let z(n) = -n - 4. Let s(j) = -j - 14. Let y = 97 - 94. Suppose 14*d + y = 13*d. Let a be s(d). Give z(a).
7
Let f(y) be the third derivative of y**6/120 - y**4/24 + 2*y**3/3 - 11*y**2. Let p be 0/(6 + 1)*-1. Calculate f(p).
4
Let b(j) = -j**2 + 7*j - 2. Suppose 2*c + 2 = -10*y + 8*y, -3*y - c = 13. Let a(f) = f**2 - 6*f + 2. Let q(g) = y*b(g) - 7*a(g). Calculate q(-5).
-27
Let m(t) = t**3 - 3*t**2 - t - 3. Let z(n) = 2*n**3 + 15*n**2 - n - 12. Let h be z(-9). Let k be (-12)/(-14)*(h/(-18) + -9). What is m(k)?
9
Suppose -d + 17 = 15. Let m(a) = a + 5*a - d*a + 2*a - 2*a. What is m(-6)?
-24
Suppose -y + 3*z - 20 = 0, -356 + 374 = -3*y + 3*z. Let o(h) = 9*h**2 - 4*h + 3. Give o(y).
8
Let j(b) = 4*b + 8. Let w = -11338 + 11341. Determine j(w).
20
Let j(k) = 3*k + 3. Let m(t) be the second derivative of -10*t + 1/20*t**5 + 0 + 17/12*t**4 - 13/2*t**2 - 1/6*t**3. Let y be m(-17). Give j(y).
15
Let y(f) be the third derivative of -f**5/60 - 7*f**4/12 - 26*f**3/3 - 3*f**2 + 8*f + 41. What is y(-8)?
-4
Let a be 11/((-242)/11)*2. Let l(d) be the third derivative of -25*d**4/24 + d**3/6 + 24*d**2. Calculate l(a).
26
Let u(l) = 23*l + 18. Suppose -14 = -13*v + 10*v - 5*m, 0 = -5*v + 2*m - 18. What is u(v)?
-28
Let g(c) = 2*c**3 - c**2 + 4*c - 14. Let l = -17752 + 17754. Determine g(l).
6
Let a(n) = n - 4. Suppose -4*j + g + 14 = -g, -23 = -5*j - 3*g. Suppose 4*u = 9*p - 5*p - 24, -2*p = -j*u - 22. Let i be (84/(-24))/(p/(-2)). Determine a(i).
3
Let i(z) = 2*z**2 - 13*z - 22. Let j(a) = 2*a**2 - 12*a - 19. Let w(p) = 4*i(p) - 5*j(p). Calculate w(5).
-3
Let t = 8373/4 + -2093. Let y(b) be the second derivative of -1/6*b**3 + 19*b - t*b**4 + 0 - 3/2*b**2 + 1/20*b**5. Give y(3).
-6
Let c(q) = 4*q - 4. Let x(i) = 7*i - 7. Let k(a) = 5*c(a) - 3*x(a). Let f(w) = -w**2 + 276*w + 11232. Let u be f(-36). Calculate k(u).
1
Let h(p) = 14*p - 82. Let y be h(-9). Let n = 204 + y. Let s(u) = 3*u**2 + 12*u + 7. Let q(x) = -x**2 - 4*x - 2. Let l(k) = -11*q(k) - 4*s(k). Give l(n).
-6
Let n = 106 - 100. Let m be (21/(-9))/((-14)/n + 2). Let r(u) = u**2 - m*u**2 + 553 + 6*u - 549 + 0*u**3 + u**3. Give r(5).
9
Let o(b) = 5*b**2 - 24*b - 5. Let a(f) = 2 - 22*f**2 - 11*f - 5 + 44*f**2 - 20*f**2. Let v(z) = 7*a(z) - 3*o(z). Calculate v(-5).
-6
Let c = -182 + 185. Suppose -2*k + 19 = -c*u, 5*k - 8 = -u + 14. Let q(f) = f**3 - 5*f**2 + f + 6. Determine q(k).
11
Let l(g) = -g**3 - 6*g**2 + g - 1. Let a = 3 + -1. Let s(c) = 7*c**2 - 4 - 8*c**2 + 5 + 0*c**2 - 2*c + c. Let z(f) = a*s(f) - l(f). What is z(-5)?
-7
Suppose -450 = -15*u + 435. Let g = u - 58. Let w(q) be the second derivative of -q**5/20 + q**4/12 + q**3/6 + 12*q. Calculate w(g).
1
Let o(j) = -j**2 - j + 33. Let g be o(-6). Let r = 5 - g. Let n(w) = -w + r*w**3 + 2*w**2 + 2 - 4 + 0 - 3*w**2. Give n(2).
8
Let i = -5385 + 5361. Let p(q) = 2*q**2 + 47*q - 16. Give p(i).
8
Let q(k) be the first derivative of -2*k**2 - 2907. Determine q(-2).
8
Let q(w) = w + 2. Let z(k) = k + 1. Let d(x) = 6*q(x) - 7*z(x). Let c = 116 + -126. Let r = -10 - c. Calculate d(r).
5
Let w(v) = -2*v**2 + 33*v - 35. Let b be w(15). Let z(h) = -6*h - b*h**2 + 7*h + 26*h**2 - 22 - 9*h**2 + h**3. Calculate z(-6).
8
Let r(j) be the second derivative of -10*j**3/3 - 26*j**2 - 12170*j. Give r(-3).
8
Let r be 2/((-8)/6*(-93)/310). Suppose r*c = 6*c - 6. Let j(h) = h**2 - h. Calculate j(c).
30
Let x be -4 + 4*28/16. Suppose -2*g + 3 = 5*s, 59*s + g - x = 58*s. Let n(q) = 14*q**2 - 1. Calculate n(s).
13
Let l(f) be the third derivative of f**4/6 - 2*f**3/3 - 13*f**2. Let o be ((-99)/22)/((66/(-8))/11). Determine l(o).
20
Let u(s) = -s - 9. Let y be u(-4). Suppose -148*v - 7326 = -259*v. Let g be v/(-10) + y + 28/5. Let x(i) = -i**3 - 7*i**2 - 6*i + 5. Give x(g).
5
Let s(b) = 17*b + 18. Let t be s(-1). Suppose 3*c - u - 3 = 0, -2*c = 3*c + 4*u - 22. Let i be t + 7 - c/(-6)*-12. Let z(w) = -w. Give z(i).
-4
Let a = -495 + 495. Let t(q) = a*q + 4 + 4*q + 0 - 3*q. What is t(2)?
6
Let y(x) = -6 - 138 - 30*x**2 + 159 + 26*x**2 + 2*x - 14 - x**3. Let l = -6 - -4. Let z = l - 3. Give y(z).
16
Let z(f) = 3*f**2 - 10*f - 1. Let u(m) = -10*m**2 + 29*m + 2. Let x(i) = 2*u(i) + 7*z(i). Calculate x(15).
42
Let i(j) = -2*j + 29. Let l = 3311 - 3292. Calculate i(l).
-9
Suppose 2 = -3*q + 2*q. Let v(b) = 4*b**2 + 89*b - 22. Let n(k) = 22*k - 5. Let r(t) = 4*n(t) - v(t). Calculate r(q).
-12
Let y(d) = d**3 - 11*d**2 + 12*d - 10. Let n be y(10). Let i(v) = -9 - 6*v + 8 - v**2 - 1 - n. Calculate i(-8).
-28
Let w(h) = -2*h - 27. Suppose -3*d + 603 = 3*c + 615, 0 = -4*c + 4*d - 64. Calculate w(c).
-7
Suppose d + 2 = -f, 2*f - f - 2 = -3*d. Let b(p) = 3 - 5*p - 199*p**2 - 12 + 401*p**d - 203*p**2. What is b(-7)?
-23
Let d(z) = -25 + 82039*z - 3*z**2 + 82020*z - 164091*z. Calculate d(-10).
-5
Let a(o) be the first derivative of o**4/2 + 3*o**3 + o**2/2 + 5*o + 762. Determine a(-5).
-25
Let x = 1663 - 1657. Let q(i) = 4*i - 21. Give q(x).
3
Let u(q) = 31 - 22 + 2*q**2 - 4 - 8 -